u.
5
Suppose 3*m - 1836 = -9*m. What are the prime factors of (m/18)/17 + (-1277)/(-2)?
3, 71
Suppose 2662 - 10638 = -4*b. Let x = b + -1369. Let s = -414 + x. List the prime factors of s.
211
Suppose 2*t + 8 = -4*s, -5*s = -0*t + t + 16. Suppose 404 = t*p - 612. Suppose -2*i + p = -0*m + 4*m, 2*m = 5*i - 623. List the prime factors of i.
5
Suppose -c = 4*t - 48172, -c - 11425 = -2*t + 12655. List the prime factors of t.
2, 3, 223
Suppose -4*v + f - 8 = -3*f, 5*v - 3*f = 0. Suppose 5*u = v*u - 4. List the prime factors of 12/(u + -1) + 26.
2, 11
List the prime factors of ((-71)/(-2) - 13) + (-4)/(-8).
23
Let m be -60 - 1 - (-198)/(-33). Let o = 294 - m. What are the prime factors of o?
19
Let w be 30/(-7) + 4 + (-40)/7. Let y be ((-30)/9)/(w/(-18)). List the prime factors of 124 + y - -2*1.
2, 29
Let g = -98 + 109. Suppose g = -5*k - 4, 4*p - 4*k = 2464. What are the prime factors of p?
613
Let z(c) = -c**2 - 20*c + 30. Let b be z(-21). Suppose -14 = -b*k + 139. List the prime factors of k.
17
Let m(s) = -s**3 + 66*s**2 + 314*s - 169. List the prime factors of m(66).
5, 4111
Let k(z) = 5*z**2 - 82*z - 2105. List the prime factors of k(-37).
2, 13, 23
Suppose 2*u = -5*d + 6*d - 12979, 4*d = 3*u + 51926. List the prime factors of d.
12983
Let f = 5081 + 16438. List the prime factors of f.
3, 797
Suppose -14*w + 6 = -16*w. Let p be (-3 - -8)*-137*(w + 2). Suppose -4*y + 20 = 0, 2*z - p = -3*z - y. What are the prime factors of z?
2, 17
Suppose 0 = 39*m - 38*m - 1175. Let t = m + -129. What are the prime factors of t?
2, 523
Let d(v) = 882*v + 210. Let x be d(-25). List the prime factors of (2/4)/((-65)/x).
2, 3, 7
Let l(t) = 2*t**3 + 7*t**2 + 42*t + 59. List the prime factors of l(14).
7507
Suppose 5*q = 5*b - 95, 3*b - q - 49 = -6*q. Suppose 4*f - 6 + b = 0. Let r = f - -8. What are the prime factors of r?
5
Suppose 16 = 2*h + 4*p - 10, 0 = -6*h - p + 67. Let q(m) = 6*m**2 - 23*m + 31. What are the prime factors of q(h)?
2, 3, 7
Suppose -78*t = -113*t + 351470. What are the prime factors of t?
2, 5021
Suppose 2*u = -5*v - 239, 2*v = 4*v + u + 95. Let l be ((3 - 3) + v)*-3. Let h = l + -28. What are the prime factors of h?
7, 17
Suppose -3*t = 3*a + 2*a - 3, -1 = 3*a - t. Suppose -o + 1691 = 4*q - 0*o, a = -q + 3*o + 426. List the prime factors of q.
3, 47
Suppose 5*n - 3*n - 2 = w, -w + 6 = 2*n. Suppose 3*y + 4*i = 14, -n*i + 30 = 5*y + 3*i. List the prime factors of y.
2, 5
Let m = -40709 - -69857. What are the prime factors of m?
2, 3, 7, 347
Let p(k) = -2*k + 1. Let c = -142 + 149. Let z be p(c). List the prime factors of (16302/(-24))/z - (-2)/(-8).
2, 13
Suppose 120*x = 261*x + 199*x - 9463900. What are the prime factors of x?
5, 19, 293
Let z(t) = t**2 - 5*t - 12. Let f(b) = 2*b**2 - 10*b - 24. Let h(m) = 4*f(m) - 7*z(m). Let j be (-26 - -4)/(-2)*1. List the prime factors of h(j).
2, 3
Suppose 0 = 2*p - 4*n - 19636, -2*p - 2*n + 22601 = 2947. What are the prime factors of p?
2, 307
Suppose 5*h = 2*j - 2 - 31, -40 = -5*j + 4*h. Suppose j*o = 2*b - 3*b + 210, -o = 2*b - 392. Suppose 162*n - 163*n + b = 0. What are the prime factors of n?
2, 97
Suppose 194116 = 5*w - 3*s, -22*s = -4*w - 23*s + 155303. List the prime factors of w.
5, 1553
Let h be (-3701)/(-6) - (-15)/90. Suppose 29*d = -h + 6678. List the prime factors of d.
11, 19
Let h be 4/(-6) - 99/(-27). Suppose -4*q + 234 = -6*b + 3*b, 5*b + 170 = h*q. What are the prime factors of (-4)/30 + 248/q?
2
What are the prime factors of (9240/(-49))/(-2)*161?
2, 3, 5, 11, 23
Let b(g) = -2788*g - 3981. What are the prime factors of b(-13)?
7, 11, 419
What are the prime factors of ((-9)/(-15))/(228/190)*52560?
2, 3, 5, 73
Suppose -34*l = -41*l + 11655. List the prime factors of l.
3, 5, 37
Suppose -u + 3 + 2 = 0. Suppose 2*c - 10 = -f + u*c, -2*f - 5*c = -64. Suppose 0 = f*i - 19*i - 12. What are the prime factors of i?
2
Suppose -2*h + 26 = -2*y, 3*y - 2 = -5*h - 9. Let a(p) = -p**2 - 699*p + 1401. Let c be a(2). What are the prime factors of 1/c + 269 + y?
7, 37
Suppose 278 = -2*i - 5*b + 1139, -3*i + 1294 = 5*b. Let c = 752 - i. What are the prime factors of c?
11, 29
Let x be -311 - (0 - (9 - 4)). Let c = x - -787. List the prime factors of c.
13, 37
List the prime factors of (-2)/(-5 + (-6953)/(-1394)).
2, 41
Suppose -3*w + 210 + 69 = 0. List the prime factors of (31/w)/((-2)/(-6126)).
1021
Suppose 0 = 44*m - 296388 - 947228. List the prime factors of m.
2, 3533
Let t(p) be the third derivative of -p**5/60 + p**4/8 + 3*p**3/2 + 11*p**2. Let x be t(4). Suppose 6 + 214 = x*j. List the prime factors of j.
2, 11
Let g(i) = 54*i - 7 + 24*i + 8. Let p be g(1). Suppose 3*x - 325 = -p. What are the prime factors of x?
2, 41
What are the prime factors of 274660/14 - (1661/77 - 21)?
2, 17, 577
Let d(u) = -121*u - 28. List the prime factors of d(-92).
2, 347
List the prime factors of (-1498)/((-385)/33 + 11).
3, 7, 107
Suppose 0 = 3*m - 2*z - 14532, 299*z - 302*z - 14526 = -3*m. List the prime factors of m.
2, 3, 101
Suppose y = -3*s + 1, -s - 2*y = -0*y + 8. Suppose s*u + 11 + 5 = 3*w, -w = u - 2. Suppose 0 = w*b - 261 - 51. List the prime factors of b.
2, 3, 13
Suppose 0 = 5*g - 2*j - 4917, 11 = 4*j - 5. Let t = g + -638. What are the prime factors of t?
347
Let f = -147 - -182. Let p = f + -35. List the prime factors of -7 + 87 + (p - 0) + -2.
2, 3, 13
Let y = 46053 + -2823. What are the prime factors of y?
2, 3, 5, 11, 131
Let j(s) = 3*s**2 - 2*s - 2. Let p(z) = -z. Let u(f) = j(f) - 5*p(f). Let v be u(1). Suppose v*n - 363 + 127 = 0. What are the prime factors of n?
59
Suppose -14*m = 167 + 85. List the prime factors of (-4)/m*1261 - 28/126.
2, 5, 7
Let u(b) = -b**2 - 3*b - 412. Let i be u(0). Let s be 0 - (5 - 0) - i. Let t = s - 204. List the prime factors of t.
7, 29
List the prime factors of (664/(-498))/((-4)/21291).
47, 151
Suppose 135640 - 820224 = -83*y. What are the prime factors of y?
2, 1031
Suppose 4*c = -5*q + 23480, 0*q = -q + 4*c + 4672. What are the prime factors of q?
2, 3, 17, 23
Suppose 17*o = 10*o + 14. Suppose -2*w + 1210 = 2*r + o*w, 5*w = 2*r - 1219. What are the prime factors of r?
607
Let o(p) = -15*p - 5. Let i(t) = 76*t + 24. Let v(f) = 6*i(f) + 28*o(f). Let u(k) = 2*k**2 + 4*k + 3. Let d be u(-2). What are the prime factors of v(d)?
2, 7
Suppose -5*l - 9 = -2*g - 6, -3*l - 3*g = 6. Let k(s) = 826*s**2 - 4*s - 3. What are the prime factors of k(l)?
827
Let g = 43 + -41. Let q be 42/((-21)/(-6) - g). Suppose -2*b = -3*u - 114, 2*b + 3*u - q = 74. List the prime factors of b.
2, 3
What are the prime factors of 44/77 - 49290/(-7)?
2, 7, 503
Suppose -73934 = -26*z - 174*z + 2729266. List the prime factors of z.
2, 3, 73
Let i(o) = -o**3 + 6*o**2 + 50*o + 15. List the prime factors of i(-5).
2, 5
Let g be 943/328 + 2/16. Suppose y = -2 + 5, -g*a + 735 = 4*y. List the prime factors of a.
241
Let o = 349 + 21. Suppose 45*r - o = 40*r. List the prime factors of r.
2, 37
What are the prime factors of -3*43852/(-12) - (0 + 0 + 3)?
2, 5, 137
Let t = -54 + -5. Suppose 3*b = -s + 5, 88*s = 89*s - b + 7. What are the prime factors of t*4/s - 2?
3, 19
Suppose 148*d - 15873 = 145*d. List the prime factors of d.
11, 13, 37
Suppose 37*y = -34*y + 821470. List the prime factors of y.
2, 5, 13, 89
Suppose 2*o - 86552 = 4*z, -3933 = -3*z - 3906. List the prime factors of o.
2, 21647
What are the prime factors of 502648/12*-18*(-3)/36?
83, 757
Let i(l) = 41*l + 3. Let k be i(2). Suppose 3*b - 8*b - k = 0. Let g(s) = -8*s - 27. What are the prime factors of g(b)?
109
Suppose 2385 = 60*r - 31*r - 28*r. List the prime factors of r.
3, 5, 53
What are the prime factors of (-1 + 15)/2 + 2 + 10845?
2, 3, 67
Let h(x) = -x**3 + 15*x**2 + 118*x - 163. What are the prime factors of h(17)?
5, 11, 23
Suppose 2*x = -8, -4*h + 2*x + 2 = -5*h. Let u = -1 + h. Suppose -u*d = -3*q - 299 - 224, -2*q + 518 = 5*d. What are the prime factors of d?
2, 13
Suppose 0 = s - 3*r - 35044, 5*r = -26*s + 28*s - 70080. What are the prime factors of s?
2, 5, 17, 103
Suppose 0 = -2*s + 3*i + 21844, -3*s + i + 6187 = -26586. List the prime factors of s.
5, 19, 23
Let t(z) = -16 - 1121*z - 5 + 950*z. What are the prime factors of t(-2)?
3, 107
Let y be 4*((-4)/8)/(-1). Suppose -18 = -4*z + y*a, 4*z = -a + 4*a + 23. Suppos